*a + 54. What is the greatest common factor of a and 45?
9
Suppose -4*p + 21 = -3*p. Calculate the highest common factor of p and 14.
7
Let a = 292 + -110. What is the greatest common divisor of a and 52?
26
Let t(w) = -12*w**2 - 2 - 1 + 11*w + 11*w**2. Let p be t(10). Let l be 51/p - 2/7. Calculate the greatest common divisor of 35 and l.
7
Let t be (-1)/(-2) + 99/2. What is the highest common factor of 10 and t?
10
Let j be (-3)/12 + 27/12. Suppose -j*x = -11 - 7. Let h be 2/(-4) - (-110)/4. What is the highest common divisor of x and h?
9
Suppose -4*t + 133 = -2*s - 69, 198 = 4*t + 2*s. Suppose -c + 40 = c. What is the greatest common divisor of t and c?
10
Let z = 193 + -83. Calculate the greatest common divisor of 22 and z.
22
Suppose 0 = -t - 25 + 48. Calculate the highest common factor of 115 and t.
23
Let c = 125 + -93. Calculate the highest common divisor of 144 and c.
16
Let k = -2 - -4. Let o be 3/k*(-12)/(-18). Calculate the greatest common divisor of 11 and o.
1
Let q be (0 + (-4)/(-6))*6. Let n = q + -1. Let j be 10*(n/(-2) + 2). What is the greatest common factor of 25 and j?
5
Let i(a) = -a**2 - 4*a + 5. Let q be i(7). Let u = -36 - q. Calculate the greatest common divisor of u and 24.
12
Let d(i) be the first derivative of i**2 + 1. Let a be d(-1). Let l = a - -3. Calculate the highest common factor of l and 8.
1
Let o(q) = -q**3 - 4*q**2 - 3*q + 4. Let y be o(-3). Suppose y*s - 182 = 322. Calculate the greatest common factor of s and 18.
18
Let q(y) = -y - 4. Let a(v) = -3*v**2 - 2*v. Let k be a(-2). Let m be q(k). Calculate the greatest common factor of m and 28.
4
Let z(d) = 4*d + 15. Let s be z(12). What is the highest common divisor of s and 7?
7
Let l = 91 + -58. Let d = l + -17. Calculate the greatest common factor of 176 and d.
16
Suppose -4*o = -l + 12, 2*l - o - 45 = -0*o. Let t = l + 16. Calculate the highest common divisor of t and 16.
8
Let v be 96 + -1 + -2*(4 - 2). Calculate the highest common divisor of 26 and v.
13
Suppose 107 = s - 5*f - 86, 0 = f + 5. Let b be -14*(3/(-2) - 0). Calculate the highest common divisor of s and b.
21
Let s = -4 + 8. Let g be 30/s*(-2 - -4). What is the greatest common factor of 6 and g?
3
Let l = 76 + -60. What is the highest common factor of 128 and l?
16
Let v(j) = j**3 + 8*j**2 - j + 9. Let s be v(-8). Calculate the greatest common divisor of 17 and s.
17
Suppose -7*b + 15*b - 168 = 0. What is the highest common factor of b and 189?
21
Suppose r + 12 = 2*r. Suppose 3*h + 2*u = 5*u + r, 3*h - 4*u - 9 = 0. Let p = 197 + -141. Calculate the highest common divisor of h and p.
7
Let q(c) = c + 4. Suppose -y = h - 3, 5*h = -2*y + 2 - 5. Let d be q(y). Suppose 2*m + 0*m - d = 0. What is the highest common divisor of 35 and m?
5
Let p = -1 + 3. Suppose 3*o = o - p. Let j be (-1)/(1*o/4). What is the highest common divisor of 20 and j?
4
Suppose 25 - 113 = -4*m. Calculate the highest common divisor of m and 2.
2
Let m(v) = v**3 + 4*v**2 - 6*v - 4. Suppose 0*h + h = -4. Let r be m(h). Let i be 10/(-4)*(-16)/r. Calculate the greatest common divisor of 5 and i.
1
Let v(i) = i**2 - i. Let f be v(5). Calculate the greatest common divisor of f and 5.
5
Suppose 3*b - 36 = -u, 2*u + 5*b = -2 + 72. Calculate the highest common factor of 75 and u.
15
Suppose -11*m = -10*m - 15. Calculate the highest common factor of m and 3.
3
Let n = 9 - -41. What is the greatest common factor of n and 400?
50
Suppose 0*a = -a + 2. Suppose 2*c = a*g - 3 - 1, -c + 2*g - 4 = 0. Suppose c = r - 6 - 10. What is the highest common divisor of r and 16?
16
Suppose 0*j - j + 3 = 0. Suppose -g + j = -5. What is the greatest common divisor of 1 and g?
1
Suppose z - 198 = -2*z. Calculate the greatest common divisor of 22 and z.
22
Let l = -17 - -18. Calculate the highest common divisor of l and 4.
1
Let v be ((-2)/(-6))/(4/24). Calculate the greatest common factor of 2 and v.
2
Let p = 147 + -51. What is the highest common factor of p and 12?
12
Suppose -3*q = -2*q - 6. Suppose -2*j + j = -3*n - 60, 3*j + 5*n = 208. Calculate the greatest common factor of j and q.
6
Suppose 0*h = 2*s - 4*h - 28, 2*s = -3*h - 7. Let a be 1 - -22 - (s + -2). What is the greatest common divisor of a and 105?
21
Let i(o) = -o**3 - o**2 - o. Let a(y) = -15*y**3 - 5*y**2 - 3*y - 1. Let c(b) = -a(b) + 4*i(b). Let k be c(1). What is the highest common divisor of 8 and k?
4
Let m = -7 - -19. Suppose x - d - 7 - 3 = 0, -5*x + 14 = 4*d. Calculate the highest common factor of x and m.
6
Let y(d) = d**3 + 12*d**2 - 20*d - 14. Let a be y(-13). What is the greatest common divisor of 11 and a?
11
Let c(t) = -2*t**3 - 8*t**2 - t - 30. Let u be c(-6). Calculate the highest common factor of 48 and u.
24
Suppose 15 = 2*v - 5*v. Let b(p) = 3*p**2 - 2*p - 2*p**2 + 5*p + 0*p - 7. Let s be b(v). What is the highest common factor of s and 33?
3
Let g = 66 + -18. Suppose 29 = 4*i + 5*z - 8, 5*z = 5. What is the highest common factor of i and g?
8
Suppose -2*z + 18 = 2*w, 11 = -z - 0*z + 3*w. Suppose -3*u + 4*u + 384 = z*s, 0 = 2*u. Let f = 8 + 4. What is the greatest common factor of f and s?
12
Let h be 2 + -2 + -2 + 1. Let p be 1 + 2/(-1)*h. Let y = p - 0. What is the greatest common divisor of 3 and y?
3
Let l be 1*-12*10/(-2). Let i(n) be the first derivative of 10*n**3/3 - n**2/2 - n - 4. Let f be i(-1). What is the greatest common factor of f and l?
10
Let d be -1 + (-1 - 0) - 2*-3. What is the greatest common divisor of 4 and d?
4
Suppose 5*b + 34 = m, m + b = -m + 13. Calculate the highest common factor of 27 and m.
9
Suppose -3*s - 1 = -25. Calculate the highest common divisor of s and 88.
8
Let g = 6 - 4. Let r = 5 + g. Let y = -4 + r. What is the highest common divisor of 21 and y?
3
Let z = 270 - 83. Suppose 3*v - 4 = 41. Let f be -1 + v - (-6)/2. Calculate the highest common divisor of f and z.
17
Let m(c) = c**3 + 9*c**2 - 5*c - 10. Let q be m(-9). What is the highest common divisor of 5 and q?
5
Suppose 0 = -3*d - 5*k - 35, d = 5*d + 2*k + 28. Let w = -3 - d. Suppose 5*m = -w*a + 46, a - 5*a = -4*m + 48. Calculate the highest common divisor of m and 5.
5
Let d(f) = f**3 + 10*f**2 + 5*f - 9. Let c be d(-9). Suppose -c = -5*a + 23. Calculate the greatest common divisor of a and 25.
5
Suppose 5*g + 180 = 2*v + 2*v, v = -2*g + 58. What is the greatest common divisor of 30 and v?
10
Let u = 35 + 1. What is the greatest common factor of u and 18?
18
Suppose b = 5*w - 78, 4*b = 3*w - 8*w + 63. Suppose 0 = 2*v - 5*f - w, 31 = 2*v + 2*f - 5. What is the highest common divisor of v and 120?
15
Suppose -d + 5*l - 6 = 2, -4 = -4*d + 2*l. Let z(n) = -15*n + 1 - 5 - d + 1. Let c be z(-5). Calculate the greatest common factor of c and 14.
14
Suppose 0 = -m + 1, -8*p + 3*p - m + 6 = 0. Suppose -4*c + 3*c = 0. Suppose c = 5*o - 55. What is the greatest common divisor of o and p?
1
Suppose 9*t = 5*t + 68. What is the greatest common factor of t and 34?
17
Let t(c) = 2*c**3 + 5*c**2 - 4*c + 3. Let z be t(3). Let q = z - 39. Calculate the highest common divisor of 17 and q.
17
Let m = 12 - 7. Suppose m*t - 10 + 0 = 0. What is the greatest common divisor of 6 and t?
2
Let f be ((-2)/(-3))/((-2)/(-264)). Let s(u) = -18*u + 1. Let k be s(-3). Suppose -k = x - 6*x. What is the greatest common divisor of f and x?
11
Suppose 122 = 4*q + 42. Calculate the highest common factor of 140 and q.
20
Suppose -4*w + 252 = 2*o, -138 + 6 = -2*w + 2*o. Let u = 41 - 25. What is the highest common factor of w and u?
16
Suppose -5*u - m = -4*m + 36, 5*u + m + 48 = 0. Let z = u + 18. Calculate the highest common divisor of z and 81.
9
Let u(y) = -3*y - 1. Let m be u(-5). Suppose m = -5*i - 276. Let p = i - -85. What is the greatest common divisor of 9 and p?
9
Suppose -19 = -3*t - 2*s + 17, -4*s = -4*t + 68. Calculate the greatest common factor of 28 and t.
14
Suppose -3*t + 18 = 5*o, -2*o + t + 3*t = -28. What is the highest common factor of o and 18?
6
Let f be (-310)/(-18) + (-14)/63. What is the highest common factor of f and 85?
17
Let y(l) = l**3 - 8*l**2 + 7*l + 6. Let m be y(7). Let w = m - -3. Let r = -52 - -97. Calculate the highest common divisor of r and w.
9
Let x be (-4)/(-14) + (-24)/(-14). Let r(k) = 4*k - 9. Let s be r(3). Let h = s + x. Calculate the highest common di